ctors of v?
2, 127
Let f(u) = 3*u**3 + 4*u**2 + 4*u + 2. Let r be f(-2). Let b be 2*1*6/(96/136). Let l = b + r. What are the prime factors of l?
3
Let l(x) = x + 24. Let c be l(0). Let u = 3 - 8. Let k = c - u. List the prime factors of k.
29
Let l be (-1)/(14/4 + -3). List the prime factors of (-5 + -3 - l)/(-1).
2, 3
What are the prime factors of (-78065)/(-25) + 6/15?
3, 347
Suppose 19*f - 16 = 15*f. Suppose -3*n - f*p = -269 - 162, 4*n + 4*p = 580. What are the prime factors of n?
149
Suppose 16 = -3*o + 22. Suppose 2*c = -2*c - 5*x + 228, -o*c + 114 = 2*x. List the prime factors of c.
3, 19
Let a be 12 - (-2 - 6/3). Suppose -5*g = -24 - a. List the prime factors of g/(-14) - (-218)/14.
3, 5
Suppose 0 = 2*g - 9*g. Suppose j - 24 - 61 = g. List the prime factors of j.
5, 17
What are the prime factors of (606/(-15))/((-1)/15)?
2, 3, 101
Let r(u) be the third derivative of -u**4/4 + 3*u**3/2 + 12*u**2. Suppose -4 = 3*y + 5. List the prime factors of r(y).
3
Suppose -3*y + 5*k = -1414, -4*y - k + 3*k + 1890 = 0. What are the prime factors of y?
11, 43
Let b(o) = 10*o**2 + 3*o - 22. List the prime factors of b(7).
3, 163
Let h be ((-36)/16)/(3/(-16)). Let c(x) = x**2 - 5*x - 31. List the prime factors of c(h).
53
Suppose 2*k = 5*g - 2929, -k = 3*g + 250 - 2003. What are the prime factors of g?
3, 5, 13
Let f(p) = 201*p**2 + 9*p + 16. List the prime factors of f(-3).
2, 29, 31
Suppose 33*h - 37*h = -4*o - 2088, -4*o = 2*h - 1026. List the prime factors of h.
3, 173
Suppose 4*y = 2*j - 194, 5*j - 4*y - 388 = j. Let k = j + 28. Suppose -l + 4*l - 78 = -2*s, 5*l - k = -5*s. What are the prime factors of l?
2, 7
Let q(s) = 2*s + 7. Let k be q(-7). Let l = 8 + k. What are the prime factors of (-3 + l - 0) + 14?
2, 3
List the prime factors of (-14420)/(-8) + (-1)/2.
2, 17, 53
Let s(y) = 2*y + 4. Let t(z) = 3*z + 6. Let u(r) = -8*s(r) + 5*t(r). Let h be u(-9). Suppose -d = -33 + h. List the prime factors of d.
2, 13
Suppose -2 = -b + 9. Let j(q) = q**3 - 6*q**2 + 5*q + 5. Let y be j(7). Suppose b + y = 4*v. What are the prime factors of v?
5
Suppose 85 = 3*v - 0*p - 5*p, -67 = -3*v - 4*p. Suppose g + 2*m = 3*g - 10, 2*g = -5*m - v. Suppose g = s - 16 - 26. What are the prime factors of s?
2, 3, 7
List the prime factors of (-2)/9 - (-1490478)/594.
13, 193
Suppose 0 = -f + 2*q - 57 - 62, 4*q = 5*f + 583. Let u = f + 313. What are the prime factors of u?
2, 3, 11
Suppose 2*u = -g + 835, -g = -10*u + 8*u + 837. List the prime factors of u.
2, 11, 19
Let x(m) = -m**3 - 2*m**2 + m + 2. Let p be x(-2). Suppose -d - 4*a + 50 = -p*d, 0 = -3*d + a + 85. List the prime factors of d.
2, 3, 5
Let m(n) = 10 + 0 + 4*n - 9*n**2 - 2 + n**3. List the prime factors of m(9).
2, 11
Suppose -18 = -2*s - 5*a, 2*a - 5 = -s + 3. Suppose 5*p - 111 = 3*u - 0*u, 0 = 4*p + s*u - 108. What are the prime factors of 472/p + 2/6?
2, 5
Let z(b) = -8*b + 6 - 33*b**2 + 18*b**2 - b**3 + 22*b**2. Suppose d = -0*d + 5. What are the prime factors of z(d)?
2
Let t(c) = c**2 - 6*c - 5. Let a be t(7). Suppose 4*d = a*v + 92, -2*d = -3*d - 5*v + 12. List the prime factors of d.
2, 11
Let o(f) = 230*f + 41. What are the prime factors of o(2)?
3, 167
Let q = 94 - 13. List the prime factors of q.
3
Let p(m) = 8*m**3 - m. Suppose 0 = -2*u + 22 - 20. List the prime factors of p(u).
7
Let t be (80/6)/((-5)/(-15)). Let u(c) = c**2 - 4*c - 1. Let r be u(5). Suppose -r*n = -5*n + t. What are the prime factors of n?
2, 5
Let l(w) = -5*w**3 + 5*w**2 - 10*w - 1. Let a(g) = g**3 + g. Let k(z) = -6*a(z) - l(z). Let c be k(-6). Let q = c - -13. List the prime factors of q.
2, 13
Let x(z) = 5*z - 4. Let m be (5 + -8)*(-10)/(-6). Let v = -2 - m. List the prime factors of x(v).
11
What are the prime factors of (4392/20)/((64/(-120))/(-4))?
3, 61
Let n be 3 - (-84)/49 - (-6)/21. Suppose 5*o = -3*k + 77 + 3, 4*k + o - 101 = 0. Suppose 5*a + n = 0, -3*a + 0*a = -b + k. What are the prime factors of b?
2, 11
Let w(h) = h**2 - 8*h + 49 - 19 - 21. Suppose l + 14 = 3*l. What are the prime factors of w(l)?
2
Let r(h) = h**3 + 13*h**2 + 11*h - 1. Let p be r(-12). Suppose 2*c + 3*u = 7*c - 25, 4*c - u - 13 = 0. Let w = p + c. What are the prime factors of w?
13
Let u be ((-645)/(-3))/5 + -3. Let r = 3 + u. List the prime factors of r.
43
What are the prime factors of ((-3142)/4)/(5*4/(-40))?
1571
Let p(s) = -s**3 + 14*s**2 - 4*s - 4. Let f be p(10). Let g = f + -32. What are the prime factors of g?
2, 3
Let p = 179 + 4. List the prime factors of p.
3, 61
Let g(u) = 3*u**2 - 1. Let p be g(-1). Suppose 0 = -2*l - 4*w - 24, l = p*l + 5*w + 21. Let o(s) = -2*s + 5. What are the prime factors of o(l)?
17
Let w(b) be the third derivative of -b**5/60 + 9*b**4/8 + 2*b**3 + 34*b**2. List the prime factors of w(11).
2, 47
Suppose 3*f + 1 = -4*k + 18, 19 = 4*k + f. Suppose -2*d + k*d = 0. List the prime factors of (d + -11)/(7/(-14)).
2, 11
Let s = -162 - -235. Let g = s + 79. List the prime factors of g.
2, 19
Let d = -12 - -9. Let o(q) = -q**3 - q**2. Let r be o(d). Let j = -14 + r. What are the prime factors of j?
2
Let j(g) = g**3 + 4*g**2 + 3*g + 1. Let t be 20/(-9) + 6/27. Let y be j(t). Suppose y*w + f = 87, 0*w + 2*w = 2*f + 66. List the prime factors of w.
2, 3, 5
Suppose 0 = -3*m + 13*b - 2*b + 8018, m - 2671 = 4*b. List the prime factors of m.
3, 13, 23
Let b = 2017 + -472. List the prime factors of b.
3, 5, 103
Suppose 0 = 47*n - 34*n - 28262. List the prime factors of n.
2, 1087
Let u = -41 + 615. What are the prime factors of u?
2, 7, 41
Suppose 0 = -6*q - 2 + 8. Let o = q + -1. Suppose -4*g = 4*h - 116, 2*g = -o*g. What are the prime factors of h?
29
Let r(u) = 2*u**2 + 12*u + 13. Suppose 58 = -5*g + 8. List the prime factors of r(g).
3, 31
Suppose 2*u + 24 = -0*u. Let s be ((-54)/8)/(3/u). What are the prime factors of s/(1 - -2) + -3?
2, 3
Let q = -303 + 908. What are the prime factors of q?
5, 11
Suppose -5*o + 4*w - 748 = 0, 0 = -9*o + 6*o - 5*w - 434. Let l = 236 + o. List the prime factors of l.
2, 11
Let o(b) = -b**2 - 3*b - 4. Let h be o(0). List the prime factors of h*(188/(-16) - -4).
31
Let s(m) = 17*m**2 - 8*m + 6. Let n = 7 - 5. List the prime factors of s(n).
2, 29
Suppose 19*g - 4608 = 13*g. Suppose p + 347 + 437 = 3*j, -3*j + g = 3*p. What are the prime factors of j?
2, 5, 13
Let q = 157 + -102. Suppose 2*j + q = 4*o + o, 2*o + 5*j = 51. What are the prime factors of o?
13
Let t(g) = g + 15. Let n be t(0). Suppose k + k - 3*s - 4 = 0, -k + 9 = 2*s. Let a = n - k. List the prime factors of a.
2, 5
Let w = 249 - 130. List the prime factors of w.
7, 17
Let c = -77 + 80. Suppose c*j - 8*j + 575 = 0. What are the prime factors of j?
5, 23
Let m = 1 + 6. Let w = -25 + m. What are the prime factors of (-5)/5 - w/2?
2
Let g(h) = 6*h - 6 + 29 + h**2 - 3 - 2*h. What are the prime factors of g(-11)?
97
Suppose -20611 = -9*j - 226. What are the prime factors of j?
3, 5, 151
Let a be 2/9 - (0 + 190/45). List the prime factors of (((-42)/a)/7)/((-1)/(-46)).
3, 23
Let o(t) = -2*t - 2. Let k be o(-5). Suppose -3*g + k = -g. List the prime factors of (-12)/g - (-9 - -1).
5
Let g be 3166/12 + (-8)/(-48). Let y = g + -376. Let s = -72 - y. List the prime factors of s.
2, 5
Let d(b) = -21*b + 53. Let l be d(-27). Let z = l - 361. List the prime factors of z.
7, 37
Let i = -1144 - -2138. List the prime factors of i.
2, 7, 71
Let d(h) be the third derivative of 1/120*h**6 - 3*h**2 + 0*h + 1/2*h**3 + 0 + 7/60*h**5 + 1/4*h**4. What are the prime factors of d(-5)?
23
Let l = -1 + 6. Suppose -5*r = 5*p - 8 + 88, -l*p - 66 = -2*r. What are the prime factors of (2/3)/(p/(-273))?
13
Let s(h) = h**3 + 7*h**2 + 6*h + 3. Let l be s(-6). Let m(k) = 0 + 2*k - 3*k**2 - 4*k + k**l + 0*k**3 + 4. What are the prime factors of m(4)?
2, 3
Let h(k) = k**2 + 5*k - 1. Let j be (56/(-12))/((-8)/(-12)). Let d be h(j). Suppose 18*o - d*o = 130. List the prime factors of o.
2, 13
Suppose -492 - 478 = 2*f. Let k = 715 + f. What are the prime factors of k?
2, 5, 23
What are the prime factors of ((-677)/4)/((-2)/8)?
677
Suppose t - 2*t = 4, 0 = 2*v + 3*t - 4434. List the prime factors of v.
3, 13, 19
Let d(p) = p**3 + 2*p**2 - p + 7. Let a be d(-3). Let q = 8 - a. Let h = q + 49. List the prime factors of h.
2, 7
Suppose -158*m + 157*m + 259 = 0.